{"id":26,"date":"2016-08-23T14:32:36","date_gmt":"2016-08-23T13:32:36","guid":{"rendered":"http:\/\/www.centredeplanningfamiliallealor.be\/?page_id=26"},"modified":"2023-08-01T11:21:33","modified_gmt":"2023-08-01T10:21:33","slug":"les-horaires","status":"publish","type":"page","link":"http:\/\/www.centredeplanningfamiliallealor.be\/index.php\/les-horaires\/","title":{"rendered":"Les horaires des permanences"},"content":{"rendered":"<table style=\"height: 319px;\" width=\"751\">\n<tbody>\n<tr>\n<td width=\"102\">\n<p style=\"text-align: center;\"><strong>Lundi<\/strong><\/p>\n<\/td>\n<td width=\"246\">\n<p style=\"text-align: center;\">9h \u00e0 14h<\/p>\n<\/td>\n<\/tr>\n<tr>\n<td width=\"102\">\n<p style=\"text-align: center;\"><strong>Mardi<\/strong><\/p>\n<\/td>\n<td width=\"246\">\n<p style=\"text-align: center;\">14h30 \u00e0 19h<\/p>\n<\/td>\n<\/tr>\n<tr>\n<td width=\"102\">\n<p style=\"text-align: center;\"><strong>Mercredi<\/strong><\/p>\n<\/td>\n<td width=\"246\">\n<p style=\"text-align: center;\">9h \u00e0 14h<\/p>\n<\/td>\n<\/tr>\n<tr>\n<td width=\"102\">\n<p style=\"text-align: center;\"><strong>Jeudi<\/strong><\/p>\n<\/td>\n<td width=\"246\">\n<p style=\"text-align: center;\">11h \u00e0 17h<\/p>\n<\/td>\n<\/tr>\n<tr>\n<td width=\"102\">\n<p style=\"text-align: center;\"><strong>Vendredi<\/strong><\/p>\n<\/td>\n<td width=\"246\">\n<p style=\"text-align: center;\">&#8211;<\/p>\n<\/td>\n<\/tr>\n<\/tbody>\n<\/table>\n","protected":false},"excerpt":{"rendered":"<p>Lundi 9h \u00e0 14h Mardi 14h30 \u00e0 19h Mercredi 9h \u00e0 14h Jeudi 11h \u00e0 17h Vendredi &#8211;<\/p>\n","protected":false},"author":1,"featured_media":0,"parent":0,"menu_order":0,"comment_status":"closed","ping_status":"closed","template":"","meta":[],"_links":{"self":[{"href":"http:\/\/www.centredeplanningfamiliallealor.be\/index.php\/wp-json\/wp\/v2\/pages\/26"}],"collection":[{"href":"http:\/\/www.centredeplanningfamiliallealor.be\/index.php\/wp-json\/wp\/v2\/pages"}],"about":[{"href":"http:\/\/www.centredeplanningfamiliallealor.be\/index.php\/wp-json\/wp\/v2\/types\/page"}],"author":[{"embeddable":true,"href":"http:\/\/www.centredeplanningfamiliallealor.be\/index.php\/wp-json\/wp\/v2\/users\/1"}],"replies":[{"embeddable":true,"href":"http:\/\/www.centredeplanningfamiliallealor.be\/index.php\/wp-json\/wp\/v2\/comments?post=26"}],"version-history":[{"count":5,"href":"http:\/\/www.centredeplanningfamiliallealor.be\/index.php\/wp-json\/wp\/v2\/pages\/26\/revisions"}],"predecessor-version":[{"id":177,"href":"http:\/\/www.centredeplanningfamiliallealor.be\/index.php\/wp-json\/wp\/v2\/pages\/26\/revisions\/177"}],"wp:attachment":[{"href":"http:\/\/www.centredeplanningfamiliallealor.be\/index.php\/wp-json\/wp\/v2\/media?parent=26"}],"curies":[{"name":"wp","href":"https:\/\/api.w.org\/{rel}","templated":true}]}}

<table style="height: 319px;" width="751">
<tbody>
<tr>
<td width="102">
<p style="text-align: center;"><strong>Lundi</strong></p>
</td>
<td width="246">
<p style="text-align: center;">9h à 14h</p>
</td>
</tr>
<tr>
<td width="102">
<p style="text-align: center;"><strong>Mardi</strong></p>
</td>
<td width="246">
<p style="text-align: center;">14h30 à 19h</p>
</td>
</tr>
<tr>
<td width="102">
<p style="text-align: center;"><strong>Mercredi</strong></p>
</td>
<td width="246">
<p style="text-align: center;">9h à 14h</p>
</td>
</tr>
<tr>
<td width="102">
<p style="text-align: center;"><strong>Jeudi</strong></p>
</td>
<td width="246">
<p style="text-align: center;">11h à 17h</p>
</td>
</tr>
<tr>
<td width="102">
<p style="text-align: center;"><strong>Vendredi</strong></p>
</td>
<td width="246">
<p style="text-align: center;">&#8211;</p>
</td>
</tr>
</tbody>
</table>

<p>Lundi 9h à 14h Mardi 14h30 à 19h Mercredi 9h à 14h Jeudi 11h à 17h Vendredi &#8211;</p>
