{"id":20,"date":"2016-08-23T14:31:30","date_gmt":"2016-08-23T13:31:30","guid":{"rendered":"http:\/\/www.centredeplanningfamiliallealor.be\/?page_id=20"},"modified":"2023-08-03T10:18:35","modified_gmt":"2023-08-03T09:18:35","slug":"les-animationssaint-ghislain","status":"publish","type":"page","link":"http:\/\/www.centredeplanningfamiliallealor.be\/index.php\/les-animationssaint-ghislain\/","title":{"rendered":"Les animations"},"content":{"rendered":"\n<p class=\"has-text-align-center\">Les animations ont lieu \u00e0 la demande des \u00e9tablissements scolaires ou autres institutions.<\/p>\n\n\n\n<p class=\"has-text-align-center has-black-color has-text-color\">Nous collaborons avec les CPMS, les AMO, les PSE, les EFT, maisons de quartier&#8230; afin d&#8217;accompagner en pluridisciplinarit\u00e9 les personnes dans leurs questionnements, leurs difficult\u00e9s, leurs r\u00e9flexions, &#8230; de mani\u00e8re \u00e0 ce qu&#8217;elles puissent poser des choix \u00e9clair\u00e9s dans leur vie affective, relationnelle et sexuelle.<\/p>\n\n\n\n<p class=\"has-text-align-left\">La th\u00e9matique des animations est choisie et discut\u00e9e en fonction des r\u00e9alit\u00e9s de chaque groupe et des questionnements\/difficult\u00e9s pr\u00e9sentes. En voici quelques exemples :<\/p>\n\n\n\n<p>&#8211;&nbsp;&nbsp;&nbsp;&nbsp;&nbsp;&nbsp;&nbsp;&nbsp;&nbsp; Contraception<br>&#8211;&nbsp; &nbsp; &nbsp; &nbsp; &nbsp; Infections sexuellement transmissibles\/ VIH-SIDA<br>&#8211;&nbsp; &nbsp; &nbsp; &nbsp; &nbsp; D\u00e9couverte et changements du corps&nbsp;<br>&#8211;&nbsp;&nbsp;&nbsp;&nbsp;&nbsp;&nbsp;&nbsp;&nbsp;&nbsp; Respect de l\u2019autre, affirmation de soi<br>&#8211;&nbsp;&nbsp;&nbsp;&nbsp;&nbsp;&nbsp;&nbsp;&nbsp;&nbsp; Premiers rapports sexuels<br>&#8211;&nbsp;&nbsp;&nbsp;&nbsp;&nbsp;&nbsp;&nbsp;&nbsp;&nbsp; Adolescence et amour<br>&#8211;&nbsp;&nbsp;&nbsp;&nbsp;&nbsp;&nbsp;&nbsp;&nbsp;&nbsp; Carte de visite du Centre de planning familial<br>&#8211; &nbsp; &nbsp; &nbsp; &nbsp;&#8230;<\/p>\n","protected":false},"excerpt":{"rendered":"<p>Les animations ont lieu \u00e0 la demande des \u00e9tablissements scolaires ou autres institutions. Nous collaborons avec les CPMS, les AMO, les PSE, les EFT, maisons de quartier&#8230; afin d&#8217;accompagner en pluridisciplinarit\u00e9 les personnes dans leurs questionnements, leurs difficult\u00e9s, leurs r\u00e9flexions, &#8230; de mani\u00e8re \u00e0 ce qu&#8217;elles puissent poser des choix \u00e9clair\u00e9s dans leur vie affective, &hellip; <\/p>\n<p class=\"link-more\"><a href=\"http:\/\/www.centredeplanningfamiliallealor.be\/index.php\/les-animationssaint-ghislain\/\" class=\"more-link\">Continue reading<span class=\"screen-reader-text\"> &#8220;Les animations&#8221;<\/span><\/a><\/p>\n","protected":false},"author":1,"featured_media":0,"parent":0,"menu_order":0,"comment_status":"closed","ping_status":"closed","template":"","meta":[],"_links":{"self":[{"href":"http:\/\/www.centredeplanningfamiliallealor.be\/index.php\/wp-json\/wp\/v2\/pages\/20"}],"collection":[{"href":"http:\/\/www.centredeplanningfamiliallealor.be\/index.php\/wp-json\/wp\/v2\/pages"}],"about":[{"href":"http:\/\/www.centredeplanningfamiliallealor.be\/index.php\/wp-json\/wp\/v2\/types\/page"}],"author":[{"embeddable":true,"href":"http:\/\/www.centredeplanningfamiliallealor.be\/index.php\/wp-json\/wp\/v2\/users\/1"}],"replies":[{"embeddable":true,"href":"http:\/\/www.centredeplanningfamiliallealor.be\/index.php\/wp-json\/wp\/v2\/comments?post=20"}],"version-history":[{"count":5,"href":"http:\/\/www.centredeplanningfamiliallealor.be\/index.php\/wp-json\/wp\/v2\/pages\/20\/revisions"}],"predecessor-version":[{"id":196,"href":"http:\/\/www.centredeplanningfamiliallealor.be\/index.php\/wp-json\/wp\/v2\/pages\/20\/revisions\/196"}],"wp:attachment":[{"href":"http:\/\/www.centredeplanningfamiliallealor.be\/index.php\/wp-json\/wp\/v2\/media?parent=20"}],"curies":[{"name":"wp","href":"https:\/\/api.w.org\/{rel}","templated":true}]}}